Calculate the remainder when 1152615 is divided by 6.
3
Calculate the remainder when 256193 is divided by 38.
35
Calculate the remainder when 17839 is divided by 180.
19
What is the remainder when 2373 is divided by 2361?
12
What is the remainder when 100326 is divided by 440?
6
Calculate the remainder when 37328 is divided by 37291.
37
What is the remainder when 18993 is divided by 9492?
9
Calculate the remainder when 4509873 is divided by 318.
315
Calculate the remainder when 10904 is divided by 87.
29
What is the remainder when 6662 is divided by 2206?
44
Calculate the remainder when 11148 is divided by 806.
670
Calculate the remainder when 23274 is divided by 199.
190
Calculate the remainder when 77868 is divided by 40.
28
Calculate the remainder when 3115 is divided by 13.
8
What is the remainder when 183226 is divided by 2106?
4
What is the remainder when 6256515 is divided by 29?
26
Calculate the remainder when 4221 is divided by 701.
15
Calculate the remainder when 125207 is divided by 10432.
23
Calculate the remainder when 3467 is divided by 489.
44
Calculate the remainder when 18647 is divided by 51.
32
Calculate the remainder when 2875 is divided by 110.
15
Calculate the remainder when 81663 is divided by 227.
170
Calculate the remainder when 18622 is divided by 237.
136
Calculate the remainder when 143679 is divided by 66.
63
What is the remainder when 34788 is divided by 93?
6
Calculate the remainder when 45868 is divided by 36.
4
Calculate the remainder when 8339 is divided by 25.
14
What is the remainder when 26776 is divided by 26618?
158
What is the remainder when 7042 is divided by 6997?
45
Calculate the remainder when 11694 is divided by 345.
309
What is the remainder when 12186 is divided by 11994?
192
What is the remainder when 828 is divided by 139?
133
What is the remainder when 155320 is divided by 19414?
8
Calculate the remainder when 31790 is divided by 94.
18
Calculate the remainder when 1338812 is divided by 5.
2
What is the remainder when 10416 is divided by 10416?
0
Calculate the remainder when 2863 is divided by 2016.
847
Calculate the remainder when 21084 is divided by 82.
10
Calculate the remainder when 542108 is divided by 9346.
40
What is the remainder when 2091 is divided by 553?
432
Calculate the remainder when 66293 is divided by 66289.
4
What is the remainder when 33295 is divided by 378?
31
Calculate the remainder when 524 is divided by 377.
147
What is the remainder when 46094 is divided by 16?
14
What is the remainder when 155731 is divided by 54?
49
Calculate the remainder when 29290 is divided by 182.
170
Calculate the remainder when 550926 is divided by 14.
12
Calculate the remainder when 8707 is divided by 2895.
22
What is the remainder when 2123 is divided by 209?
33
What is the remainder when 19695 is divided by 4777?
587
What is the remainder when 994894 is divided by 329?
327
Calculate the remainder when 13095 is divided by 4306.
177
Calculate the remainder when 33565 is divided by 1011.
202
What is the remainder when 63919 is divided by 411?
214
Calculate the remainder when 5771529 is divided by 39.
36
What is the remainder when 1784 is divided by 582?
38
Calculate the remainder when 6005 is divided by 1425.
305
Calculate the remainder when 72622 is divided by 24189.
55
What is the remainder when 913481 is divided by 18?
17
Calculate the remainder when 2581 is divided by 858.
7
What is the remainder when 11211 is divided by 377?
278
What is the remainder when 39161 is divided by 127?
45
Calculate the remainder when 348427 is divided by 4708.
35
What is the remainder when 4626 is divided by 4609?
17
Calculate the remainder when 5166 is divided by 234.
18
What is the remainder when 3145 is divided by 318?
283
Calculate the remainder when 366941 is divided by 755.
11
Calculate the remainder when 4043 is divided by 30.
23
What is the remainder when 11382 is divided by 376?
102
Calculate the remainder when 5982 is divided by 5356.
626
Calculate the remainder when 47765 is divided by 39.
29
What is the remainder when 33222 is divided by 755?
2
What is the remainder when 99008 is divided by 425?
408
What is the remainder when 153657 is divided by 60?
57
What is the remainder when 2100 is divided by 761?
578
Calculate the remainder when 5078 is divided by 43.
4
What is the remainder when 14349 is divided by 37?
30
Calculate the remainder when 30069 is divided by 17.
13
What is the remainder when 4204 is divided by 468?
460
Calculate the remainder when 787 is divided by 262.
1
Calculate the remainder when 3701 is divided by 1708.
285
Calculate the remainder when 20529 is divided by 10263.
3
What is the remainder when 26951 is divided by 209?
199
What is the remainder when 171888 is divided by 36?
24
What is the remainder when 27707 is divided by 4?
3
What is the remainder when 6025 is divided by 116?
109
Calculate the remainder when 9133 is divided by 4557.
19
What is the remainder when 9108 is divided by 349?
34
Calculate the remainder when 3233 is divided by 231.
230
Calculate the remainder when 4294 is divided by 444.
298
Calculate the remainder when 1317 is divided by 893.
424
Calculate the remainder when 24233 is divided by 8063.
44
Calculate the remainder when 6804 is divided by 159.
126
What is the remainder when 95293 is divided by 23823?
1
Calculate the remainder when 266615 is divided by 66648.
23
What is the remainder when 9209 is divided by 24?
17
Calculate the remainder when 258690 is divided by 1287.
3
What is the remainder when 27207 is divided by 169?
167
Calculate the remainder when 172926 is divided by 483.
12
What is the remainder when 49560 is divided by 3539?
14
What is the remainder when 3004415 is divided by 163?
162
What is the remainder when 113826 is divided by 44?
42
Calculate the remainder when 108759 is divided by 20.
19
Calculate the remainder when 399403 is divided by 157.
152
Calculate the remainder when 47147 is divided by 39.
35
What is the remainder when 108690 is divided by 18115?
0
Calculate the remainder when 17842 is divided by 849.
13
Calculate the remainder when 22321 is divided by 584.
129
What is the remainder when 2555373 is divided by 54?
39
What is the remainder when 555609 is divided by 92599?
15
What is the remainder when 4755 is divided by 298?
285
What is the remainder when 53731 is divided by 707?
706
What is the remainder when 849964 is divided by 39?
37
What is the remainder when 216 is divided by 210?
6
Calculate the remainder when 77859 is divided by 683.
680
Calculate the remainder when 134320 is divided by 5164.
56
What is the remainder when 18822 is divided by 331?
286
Calculate the remainder when 3229528 is divided by 227.
226
Calculate the remainder when 5636010 is divided by 23.
21
What is the remainder when 144715 is divided by 14?
11
What is the remainder when 200 is divided by 68?
64
What is the remainder when 74335 is divided by 55?
30
What is the remainder when 47815 is divided by 21?
19
Calculate the remainder when 8963 is divided by 2015.
903
What is the remainder when 244833 is divided by 112?
1
What is the remainder when 63726 is divided by 205?
176
What is the remainder when 48690 is divided by 25?
15
Calculate the remainder when 1791 is divided by 32.
31
What is the remainder when 21643 is divided by 1267?
104
Calculate the remainder when 7532 is divided by 830.
62
Calculate the remainder when 6831 is divided by 103.
33
Calculate the remainder when 87059 is divided by 4.
3
What is the remainder when 363 is divided by 216?
147
What is the remainder when 297553 is divided by 99184?
1
What is the remainder when 8742 is divided by 148?
10
Calculate the remainder when 511862 is divided by 8.
6
What is the remainder when 836 is divided by 104?
4
What is the remainder when 38636 is divided by 12814?
194
What is the remainder when 118843 is divided by 39611?
10
What is the remainder when 384 is divided by 92?
16
What is the remainder when 149941 is divided by 426?
415
What is the remainder when 9945605 is divided by 19?
17
Calculate the remainder when 119688 is divided by 13.
10
Calculate the remainder when 24160 is divided by 7977.
229
Calculate the remainder when 273340 is divided by 34.
14
What is the remainder when 1737 is divided